3?
False
Is 1014360 a multiple of 45?
False
Does 119 divide 101388?
True
Is 31 a factor of 239134?
True
Does 40 divide 312868?
False
Is 15 a factor of 4022520?
True
Does 33 divide 2416821?
True
Is 3019513 a multiple of 97?
True
Is 2 a factor of 32497?
False
Does 16 divide 39456?
True
Is 43 a factor of 1669576?
False
Does 166 divide 636904?
False
Does 814 divide 3195764?
True
Is 660 a factor of 81840?
True
Is 11 a factor of 3169177?
True
Does 66 divide 252846?
True
Does 115 divide 755550?
True
Is 490977 a multiple of 12?
False
Does 250 divide 3167500?
True
Does 71 divide 343615?
False
Is 79 a factor of 3341646?
False
Does 424 divide 1515605?
False
Does 3 divide 12963?
True
Is 247000 a multiple of 52?
True
Is 157 a factor of 2645136?
True
Is 744977 a multiple of 4?
False
Does 1085 divide 531405?
False
Is 40 a factor of 177115?
False
Is 267756 a multiple of 53?
True
Does 331 divide 42002?
False
Is 2943600 a multiple of 165?
True
Is 43 a factor of 115111?
True
Is 9066740 a multiple of 240?
False
Is 1196535 a multiple of 13?
False
Is 297 a factor of 423600?
False
Does 29 divide 139954?
True
Is 11130 a multiple of 159?
True
Is 143805 a multiple of 15?
True
Is 203996 a multiple of 464?
False
Does 58 divide 35646?
False
Is 10668 a multiple of 127?
True
Is 143357 a multiple of 149?
False
Does 156 divide 998834?
False
Is 12 a factor of 18289?
False
Is 100 a factor of 9456921?
False
Does 125 divide 270125?
True
Does 18 divide 308754?
True
Is 1003904 a multiple of 496?
True
Is 13 a factor of 160997?
False
Does 1087 divide 188194?
False
Is 10 a factor of 126390?
True
Is 14 a factor of 304234?
True
Is 41 a factor of 15115741?
False
Does 41 divide 133935?
False
Is 134 a factor of 1828474?
False
Is 249632 a multiple of 58?
True
Is 14 a factor of 12724933?
False
Is 448305 a multiple of 19?
True
Is 35 a factor of 136430?
True
Does 15 divide 4647615?
True
Is 9274084 a multiple of 124?
True
Does 22 divide 328482?
True
Is 6213976 a multiple of 34?
True
Does 113 divide 1490131?
True
Is 21809 a multiple of 3?
False
Is 40998 a multiple of 279?
False
Is 87838 a multiple of 74?
True
Is 10 a factor of 3985610?
True
Is 9 a factor of 19224450?
True
Is 282127 a multiple of 30?
False
Is 1510289 a multiple of 473?
True
Is 25 a factor of 1565375?
True
Is 280 a factor of 10243930?
False
Does 268 divide 517675?
False
Does 59 divide 2319824?
False
Does 33 divide 1059696?
True
Is 173 a factor of 232166?
True
Does 729 divide 1123389?
True
Is 871 a factor of 1300403?
True
Does 91 divide 103290?
False
Does 26 divide 115684?
False
Is 39 a factor of 3543251?
False
Is 143 a factor of 1066933?
False
Does 6 divide 2896543?
False
Does 524 divide 17152902?
False
Is 50 a factor of 5799?
False
Is 1801 a factor of 1975697?
True
Is 1861262 a multiple of 17?
True
Does 2 divide 277146?
True
Is 31 a factor of 286624?
False
Does 7 divide 136673?
False
Is 56 a factor of 177576?
True
Is 20 a factor of 804296?
False
Is 200727 a multiple of 742?
False
Does 53 divide 16688375?
True
Is 5 a factor of 99101?
False
Is 15 a factor of 345480?
True
Is 12 a factor of 874224?
True
Is 19 a factor of 793858?
True
Is 918399 a multiple of 13?
False
Is 145 a factor of 3635103?
False
Is 5 a factor of 20496?
False
Does 194 divide 35718?
False
Is 113 a factor of 613910?
False
Is 32 a factor of 1413451?
False
Is 63 a factor of 110591?
False
Does 650 divide 6139900?
True
Does 281 divide 4554202?
False
Is 10 a factor of 6835062?
False
Does 85 divide 2814775?
True
Is 98 a factor of 940929?
False
Is 2 a factor of 203996?
True
Does 102 divide 33189?
False
Is 428736 a multiple of 638?
True
Does 11 divide 543309?
False
Is 326 a factor of 1002776?
True
Does 5 divide 14441?
False
Does 23 divide 16133223?
False
Is 14 a factor of 1110502?
False
Is 232770 a multiple of 10?
True
Is 1209210 a multiple of 12?
False
Is 7 a factor of 1085887?
False
Is 738150 a multiple of 399?
True
Is 5324625 a multiple of 15?
True
Is 81773 a multiple of 30?
False
Is 12958 a multiple of 62?
True
Is 108 a factor of 168887?
False
Is 2671920 a multiple of 1080?
True
Does 45 divide 206148?
False
Is 835792 a multiple of 160?
False
Does 6 divide 553170?
True
Is 110 a factor of 7745320?
True
Is 648 a factor of 2612736?
True
Is 337959 even?
False
Is 22 a factor of 804820?
False
Is 6213482 a multiple of 114?
False
Is 432 a factor of 3058560?
True
Is 3859590 a multiple of 21?
True
Is 35 a factor of 2272690?
True
Is 112428 a multiple of 54?
True
Is 81 a factor of 143127?
True
Does 39 divide 151783?
False
Is 84 a factor of 361284?
True
Does 19 divide 5931040?
True
Does 26 divide 1588132?
True
Does 5 divide 91495?
True
Does 292 divide 4394892?
True
Does 45 divide 1839510?
True
Is 269376 a multiple of 48?
True
Does 117 divide 926640?
True
Is 256 a factor of 1093888?
True
Does 581 divide 613282?
False
Is 263399 a multiple of 5?
False
Does 29 divide 237974?
True
Is 12 a factor of 1992?
True
Is 10 a factor of 412457?
False
Is 32 a factor of 160138?
False
Does 39 divide 30695?
False
Is 70155 a multiple of 12?
False
Is 8 a factor of 55748?
False
Does 35 divide 6657267?
False
Is 151 a factor of 744430?
True
Is 7195104 a multiple of 14?
True
Is 15 a factor of 1002876?
False
Is 22 a factor of 13838952?
False
Is 216333 a multiple of 215?
False
Is 55742 a multiple of 2?
True
Does 20 divide 345805?
False
Is 6513969 a multiple of 7?
True
Is 20 a factor of 202600?
True
Is 48 a factor of 2382754?
False
Does 343 divide 885969?
True
Is 792 a factor of 3542616?
True
Is 13 a factor of 73972?
False
Is 208 a factor of 1014313?
False
Is 107567 a multiple of 8?
False
Is 44 a factor of 7329?
False
Does 20 divide 4320?
True
Is 5 a factor of 393729?
False
Is 39 a factor of 939627?
True
Does 1068 divide 1812396?
True
Is 136 a factor of 247805?
False
Is 147019 even?
False
Does 47 divide 742404?
False
Is 366 a multiple of 2?
True
Is 54900 a multiple of 75?
True
Is 52 a factor of 640259?
False
Is 364 a factor of 5442637?
False
Is 2579639 a multiple of 9?
False
Is 74 a factor of 406186?
True
Is 696030 a multiple of 15?
True
Is 7 a factor of 1830510?
False
Does 127 divide 157226?
True
Does 824 divide 8244120?
True
Does 348 divide 126324?
True
Does 49 divide 2037915?
False
Is 390 a factor of 14625390?
True
Is 674820 a multiple of 345?
True
Does 170 divide 5196560?
True
Does 25 divide 305550?
True
Is 9427238 a multiple of 197?
True
Is 114640 a multiple of 3?
False
Is 527952 a multiple of 34?
True
Is 216 a factor of 422767?
False
Is 197 a factor of 104482?
False
Does 8 divide 39600?
True
Is 7 a factor of 3660552?
True
Does 59 divide 887413?
False
Is 117511 a multiple of 337?
False
Does 45 divide 707175?
True
Does 430 divide 274527?
False
Does 983 divide 750029?
True
Is 69 a factor of 194373?
True
Is 133 a factor of 4402300?
True
Does 1137 divide 10985694?
True
Does 6 divide 1433392?
False
Is 22 a factor of 4164511?
False
Is 276513 a multiple of 31?
False
Is 894150 a multiple of 25?
True
Is 88 a factor of 9374?
False
Does 1562 divide 4036208?
True
Does 515 divide 1762823?
False
Does 57 divide 168891?
True
Is 25 a factor of 273950?
True
Is 215992 a multiple of 133?
True
Is 28 a factor of 226660?
True
Is 159 a factor of 299238?
True
Is 4 a factor of 953587?
False
Is 8324621 a multiple of 894?
False
Is 4319043 a multiple of 17?
False
Is 18966 a multiple of 6?
True
Is 105 a factor of 6533100?
True
Is 1997775 a multiple of 185?
False
Does 4 divide 144291?
False
Is 33 a factor of 596204?
False
Is 197 a factor of 14969918?
False
Is 45382 a multiple of 342?
False
Is 387 a factor of 152024?
False
Is 945984 a multiple of 139?
False
Is 44 a factor of 27412?
True
Does 13 divide 2622649?
False
Is 228667 a multiple of 91?
False
Is 20 a factor of 1469160?
True
Is 7207 a multiple of 30?
False
Is 12 a factor of 525660?
True
Is 16755860 a multiple of 110?
True
Is 530682 a multiple of 94?
False
Is 1572 a factor of 9424140?
True
Is 34 a factor of 249639?
False
Is 523860 a multiple of 10?
True
Is 19 a factor of 19107?
False
Is 3686066 a multiple of 14?
False
Is 129 a factor of 88494?
True
Is 433458 a multiple of 69?
True
Is 14 a factor of 18767?
False
Is 10 a factor of 30428?
False
Is 191 a factor of 894568?
False
Is 3 a factor of 136203?
True
Does 87 divide 175392?
True
Is 71 a factor of 2382397?
False
Does 100 divi